t common factor of 6875 and 380546375?
1375
What is the greatest common divisor of 18699 and 7590?
69
Calculate the highest common divisor of 6117 and 3623303.
2039
Calculate the greatest common divisor of 13395 and 17084265.
705
Calculate the highest common divisor of 65732040 and 16.
8
What is the highest common factor of 187587628 and 1511?
1511
What is the highest common divisor of 13634 and 20329898?
802
Calculate the greatest common factor of 1858233 and 100659.
1131
Calculate the greatest common factor of 207 and 82132443.
9
What is the greatest common factor of 306443 and 32556927?
10567
Calculate the highest common factor of 1457052890 and 9290.
9290
Calculate the greatest common factor of 575 and 244175.
25
What is the greatest common factor of 3255 and 5205375?
105
What is the highest common divisor of 13755 and 9732555?
105
Calculate the highest common factor of 501923 and 931.
19
Calculate the highest common divisor of 576 and 229803072.
192
Calculate the greatest common divisor of 3162 and 6622554.
102
What is the greatest common factor of 31691525 and 475?
475
What is the greatest common factor of 36741419 and 2990?
299
Calculate the greatest common divisor of 2059505 and 24605.
665
What is the highest common factor of 152 and 125381931?
19
What is the greatest common factor of 92 and 64007344?
92
What is the greatest common factor of 56 and 9894992?
8
What is the highest common divisor of 24456942 and 59718?
1614
What is the highest common factor of 1 and 31877971?
1
Calculate the highest common divisor of 75874182 and 114.
114
Calculate the greatest common divisor of 798 and 3432350.
38
What is the greatest common factor of 52848486 and 3006?
3006
Calculate the highest common factor of 10807760 and 226840.
2120
Calculate the highest common divisor of 46297987 and 90593.
1241
What is the highest common factor of 86435712 and 1760?
352
What is the highest common factor of 9 and 451104?
3
Calculate the highest common divisor of 55 and 22102685.
55
What is the highest common factor of 4680 and 6444540?
180
What is the highest common divisor of 176 and 191854696?
88
Calculate the greatest common divisor of 14112573 and 1083.
1083
What is the greatest common factor of 5664100 and 14300?
1300
Calculate the greatest common divisor of 14143206 and 483.
483
What is the highest common divisor of 115226106 and 291?
291
What is the greatest common factor of 279328180 and 20?
20
What is the greatest common divisor of 343431 and 1044?
9
Calculate the greatest common divisor of 92442 and 25606.
434
What is the greatest common divisor of 14875 and 937895?
35
Calculate the highest common factor of 321 and 69453807.
321
Calculate the highest common divisor of 33 and 535743.
3
Calculate the greatest common divisor of 20026 and 1168291.
323
Calculate the highest common divisor of 8744 and 41240.
8
What is the greatest common factor of 492 and 17690721?
123
Calculate the greatest common factor of 4596 and 170142771.
1149
What is the greatest common divisor of 159049 and 1045?
209
What is the highest common divisor of 24 and 1385345352?
24
What is the greatest common divisor of 11780440 and 1400?
280
Calculate the highest common divisor of 356 and 115958634.
178
What is the greatest common factor of 4 and 60413158?
2
Calculate the greatest common factor of 123509 and 10395523.
1093
What is the greatest common divisor of 55215 and 13247510?
2045
Calculate the greatest common divisor of 394886430 and 306.
18
What is the greatest common divisor of 45930912 and 4416?
96
Calculate the highest common divisor of 32 and 66913152.
32
What is the greatest common factor of 5906624 and 36736?
2624
What is the greatest common factor of 81220 and 573256?
524
Calculate the highest common factor of 240923 and 213853.
2707
Calculate the greatest common factor of 46621 and 2519561.
2027
What is the highest common divisor of 1522278732 and 156?
156
What is the highest common divisor of 4875 and 7277010?
195
What is the greatest common factor of 3100 and 12344975?
775
Calculate the greatest common factor of 9055139 and 105779.
761
Calculate the highest common divisor of 11684 and 41653.
23
Calculate the highest common divisor of 22000 and 28619250.
2750
What is the greatest common divisor of 4943 and 2134199566?
4943
What is the greatest common divisor of 5644 and 18087858?
166
Calculate the highest common factor of 1617 and 48620103.
147
Calculate the highest common factor of 346287034 and 6716.
3358
What is the greatest common factor of 8400 and 204050?
350
What is the greatest common factor of 4987082 and 592?
74
Calculate the highest common divisor of 5655 and 240265.
145
Calculate the highest common divisor of 1401033 and 12.
3
Calculate the highest common divisor of 1720 and 26386090.
430
Calculate the greatest common factor of 2231 and 200402.
97
Calculate the greatest common divisor of 514903576 and 23.
23
Calculate the greatest common divisor of 154792920 and 1550.
310
Calculate the greatest common factor of 1542519 and 513.
9
Calculate the highest common factor of 2152283 and 3953047.
6167
What is the highest common factor of 3776 and 1331571?
59
Calculate the greatest common factor of 332056822 and 1529.
139
Calculate the highest common divisor of 9751425 and 16675.
575
What is the highest common factor of 3226210 and 18170?
230
What is the highest common divisor of 434060 and 253?
11
What is the highest common divisor of 24449 and 14903260?
1063
What is the greatest common factor of 2250001 and 2431?
221
Calculate the highest common factor of 1380276 and 1058.
46
What is the highest common factor of 4749736 and 2102819?
1711
What is the greatest common factor of 136812289 and 543?
181
What is the greatest common factor of 7280 and 128080?
80
What is the greatest common factor of 5 and 476217920?
5
What is the highest common divisor of 24021912 and 984?
24
What is the highest common divisor of 568440742 and 197?
197
What is the highest common divisor of 170091222 and 714?
714
Calculate the greatest common divisor of 14157452 and 232.
116
What is the highest common factor of 485220 and 3660?
60
Calculate the highest common factor of 3374463774 and 66.
66
Calculate the greatest common divisor of 2662 and 1753158.
22
What is the greatest common divisor of 42757 and 880693?
253
What is the greatest common divisor of 164375 and 3205?
5
Calculate the greatest common factor of 41789774 and 442.
442
What is the highest common divisor of 38 and 49634422?
38
What is the highest common factor of 1009290747 and 804?
201
Calculate the greatest common factor of 201167176 and 616.
56
What is the greatest common factor of 475083 and 6538?
7
What is the greatest common factor of 22042342 and 188?
94
What is the greatest common divisor of 7753280 and 58240?
320
What is the greatest common factor of 96537 and 20076?
21
What is the greatest common factor of 15393 and 1176?
21
Calculate the greatest common divisor of 53485745 and 530.
265
Calculate the highest common factor of 13091 and 771628.
247
Calculate the greatest common divisor of 2742 and 106788.
6
What is the highest common divisor of 9099033 and 6?
3
What is the greatest common divisor of 1346 and 5818?
2
Calculate the highest common divisor of 550361100 and 300.
300
What is the highest common factor of 1178 and 374407274?
1178
What is the highest common divisor of 5545 and 9650518?
1109
Calculate the highest common divisor of 74762708 and 796.
796
What is the highest common factor of 8438178 and 504?
42
Calculate the highest common factor of 10199 and 1261738688.
10199
Calculate the greatest common divisor of 5013 and 60329784.
1671
Calculate the highest common divisor of 234 and 30165161.
13
Calculate the highest common divisor of 5261 and 57013457.
5261
Calculate the greatest common divisor of 18109 and 435799.
91
What is the highest common factor of 7 and 78387757?
7
What is the highest common divisor of 110 and 31305439?
11
Calculate the greatest common divisor of 26196536 and 2.
2
Calculate the highest common divisor of 32337136 and 845.
169
What is the highest common divisor of 282 and 438407493?
141
What is the greatest common divisor of 125 and 11635900?
25
Calculate the highest common factor of 26845 an